{"id":32,"date":"2020-10-25T01:44:24","date_gmt":"2020-10-24T23:44:24","guid":{"rendered":"http:\/\/einfachsabine.de\/?page_id=32"},"modified":"2020-10-31T23:03:01","modified_gmt":"2020-10-31T22:03:01","slug":"impressum","status":"publish","type":"page","link":"http:\/\/einfachsabine.de\/?page_id=32","title":{"rendered":"IMPRESSUM"},"content":{"rendered":"\n<p>Angaben gem\u00e4\u00df \u00a7 5 TMG:<\/p>\n\n\n\n<p>Verantwortlich f\u00fcr den Inhalt:<\/p>\n\n\n\n<p>Sabine Augustin<\/p>\n\n\n\n<p>Grabower Allee 2b<\/p>\n\n\n\n<p>19288 Ludwigslust<\/p>\n\n\n\n<p>sabine@einfachsabine.de<\/p>\n\n\n\n<p><strong>Haftungsausschluss:<\/strong><\/p>\n\n\n\n<p><strong>Haftung f\u00fcr Inhalte<\/strong><\/p>\n\n\n\n<p>Die Inhalte unserer Seiten wurden sorgf\u00e4ltig erstellt. F\u00fcr Richtigkeit, Vollst\u00e4ndigkeit und Aktualit\u00e4t aller Inhalte k\u00f6nnen wir jedoch keine Gew\u00e4hr \u00fcbernehmen. Als Diensteanbieter sind wir gem\u00e4\u00df \u00a7 7 Abs.1 TMG f\u00fcr eigene Inhalte auf unseren Seiten nach den allgemeinen Gesetzen verantwortlich. Nach \u00a7\u00a7 8 bis 10 TMG sind wir als Diensteanbieter jedoch nicht verpflichtet, \u00fcbermittelte oder gespeicherte fremde Inhalte zu pr\u00fcfen oder auf &nbsp;illegale T\u00e4tigkeiten zu untersuchen. Verpflichtungen zur Entfernung oder Sperrung der Nutzung von Inhalten nach den allgemeinen Gesetzen sind davon unber\u00fchrt. Eine Haftung kommt jedoch erst ab dem Zeitpunkt der Kenntnis einer konkreten Rechtsverletzung in Betracht. Bei Bekanntwerden von Rechtsverletzungen werden die entsprechenden Inhalte unverz\u00fcglich entfernt.<\/p>\n\n\n\n<p><strong>Haftung f\u00fcr Links<\/strong><\/p>\n\n\n\n<p>Unser Angebot enth\u00e4lt Links zu Netzseiten Dritter, auf deren Inhalte wir keinerlei Einfluss haben. Aus diesem Grunde sind wir f\u00fcr die Inhalte fremder Seiten keine Haftung \u00fcbernehmen. F\u00fcr s\u00e4mtliche Inhalte der verlinkten Seiten Dritter ist der jeweilige Anbieter bzw. der Betreiber der entsprechenden Seiten verantwortlich. Die verlinkten Seiten wurden zum Zeitpunkt der Verlinkung auf m\u00f6gliche offensichtliche Verst\u00f6\u00dfe gegen geltende rechte untersucht. Illegale Inhalte waren diesem Zeitpunkt nicht feststellbar. Eine dauerhafte \u00dcberwachung der dortigen Inhalte ist jedoch ohne konkrete Hinweise auf Verst\u00f6\u00dfe gegen geltendes Recht nicht zumutbar. Soweit wir Rechtsverletzungen feststellen, werden die entsprechenden Verlinkungen unverz\u00fcglich entfernt.<\/p>\n\n\n\n<p><strong>Urheberrecht<\/strong><\/p>\n\n\n\n<p>Die Inhalte dieser Seiten unterliegen deutschen Urheberrecht. Das Verbreiten, Kopieren, Bearbeiten sowie jedwede Verwertung au\u00dferhalb Urheberrechtes bedarf der schriftlichen Erlaubnis des Erstellers. Downloads und\/oder Kopien dieser Seiten sind ausschlie\u00dflich f\u00fcr den nicht kommerziellen, privaten Bereich erlaubt. Bei der Verwendung von Inhalten Dritter wird das Urheberrecht stets beachtet und diese Betr\u00e4ge entsprechend kenntlich gemacht. Soweit Sie der Auffassung sind, da\u00df auf unseren Seiten Urheberrechte verletzt werden, bitten wir um einen Hinweis. Sollten Verst\u00f6\u00dfe gegen das Urheberrecht erkannt werden, werden die betroffenen Beitr\u00e4ge unverz\u00fcglich gel\u00f6scht.<\/p>\n\n\n\n<p><strong>Datenschutz<\/strong><\/p>\n\n\n\n<p>Die Nutzung unserer Netzseite ist in der Regel ohne Angabe personenbezogener Daten m\u00f6glich. Sollten auf diesen Seiten personenbezogene Daten (Name, Anschrift, Mail-Adresse o.\u00e4.) erhoben werden, erfolgt dies, soweit \u00fcblicherweise freiwillig. Personenbezogene Daten werden von uns nur mit Ihrer ausdr\u00fccklichen Zustimmung an Dritte weitergegeben.<\/p>\n\n\n\n<p>Daten\u00fcbertragungen im Internet (E-Mail) k\u00f6nnen Sicherheitsl\u00fccken aufweisen. Es ist nicht m\u00f6glich, hier einen l\u00fcckenlosen Schutz der Daten vor dem Zugriff durch Dritte zu gew\u00e4hrleisten.<\/p>\n\n\n\n<p>Wir widersprechen an dieser Stelle die Nutzung unserer im Impressum angegebenen Kontaktdaten durch Dritte. Insbesondere betrifft dies auch die Zusendung von nicht bestellter Werbung sowie jeglichen sonstigen Informationen. Bei unverlangter Zusendung von Werbungen (z.B. Spam-Mails) werden wir rechtliche dagegen vorgehen.<\/p>\n","protected":false},"excerpt":{"rendered":"<p>Angaben gem\u00e4\u00df \u00a7 5 TMG: Verantwortlich f\u00fcr den Inhalt: Sabine Augustin Grabower Allee 2b 19288 Ludwigslust sabine@einfachsabine.de Haftungsausschluss: Haftung f\u00fcr Inhalte Die Inhalte&hellip;<\/p>\n","protected":false},"author":1,"featured_media":0,"parent":0,"menu_order":0,"comment_status":"closed","ping_status":"closed","template":"","meta":[],"_links":{"self":[{"href":"http:\/\/einfachsabine.de\/index.php?rest_route=\/wp\/v2\/pages\/32"}],"collection":[{"href":"http:\/\/einfachsabine.de\/index.php?rest_route=\/wp\/v2\/pages"}],"about":[{"href":"http:\/\/einfachsabine.de\/index.php?rest_route=\/wp\/v2\/types\/page"}],"author":[{"embeddable":true,"href":"http:\/\/einfachsabine.de\/index.php?rest_route=\/wp\/v2\/users\/1"}],"replies":[{"embeddable":true,"href":"http:\/\/einfachsabine.de\/index.php?rest_route=%2Fwp%2Fv2%2Fcomments&post=32"}],"version-history":[{"count":3,"href":"http:\/\/einfachsabine.de\/index.php?rest_route=\/wp\/v2\/pages\/32\/revisions"}],"predecessor-version":[{"id":275,"href":"http:\/\/einfachsabine.de\/index.php?rest_route=\/wp\/v2\/pages\/32\/revisions\/275"}],"wp:attachment":[{"href":"http:\/\/einfachsabine.de\/index.php?rest_route=%2Fwp%2Fv2%2Fmedia&parent=32"}],"curies":[{"name":"wp","href":"https:\/\/api.w.org\/{rel}","templated":true}]}}